{"id":80,"date":"2020-03-18T17:41:02","date_gmt":"2020-03-18T17:41:02","guid":{"rendered":"http:\/\/www.provzak.sk\/?page_id=80"},"modified":"2020-03-19T18:36:21","modified_gmt":"2020-03-19T18:36:21","slug":"ochrana-osobnych-udajov","status":"publish","type":"page","link":"https:\/\/www.provzak.sk\/?page_id=80","title":{"rendered":"Ochrana osobn\u00fdch \u00fadajov"},"content":{"rendered":"\n<h2>V kr\u00e1tkosti o n\u00e1s<\/h2>\n\n\n\n<div class=\"wp-block-media-text has-media-on-the-right\"><figure class=\"wp-block-media-text__media\"><img loading=\"lazy\" width=\"600\" height=\"150\" src=\"http:\/\/www.provzak.sk\/wp-content\/uploads\/2020\/03\/vizitka_02.jpg\" alt=\"\" class=\"wp-image-125\" srcset=\"https:\/\/www.provzak.sk\/wp-content\/uploads\/2020\/03\/vizitka_02.jpg 600w, https:\/\/www.provzak.sk\/wp-content\/uploads\/2020\/03\/vizitka_02-300x75.jpg 300w\" sizes=\"(max-width: 600px) 100vw, 600px\" \/><\/figure><div class=\"wp-block-media-text__content\">\n<p>Na\u0161e kontaktn\u00e9 \u00fadaje:<\/p>\n<\/div><\/div>\n\n\n\n<p>Va\u0161e osobn\u00e9 \u00fadaje s\u00fa z\u00edskavan\u00e9 a spracov\u00e1van\u00e9 pod\u013ea nariadenia GDPR.&nbsp;&nbsp;<\/p>\n\n\n\n<h2>Ak\u00e9 osobn\u00e9 \u00fadaje o V\u00e1s zhroma\u017e\u010fujeme a spracov\u00e1vame<\/h2>\n\n\n\n<p>\u00dadaje ktor\u00e9 s\u00fa potrebn\u00e9 a ktor\u00e9 n\u00e1m poskytnete pri spracov\u00e1van\u00ed va\u0161ej objedn\u00e1vky.&nbsp;Tj. Va\u0161e meno a priezvisko, telef\u00f3nne \u010d\u00edslo, e-mailov\u00e1 adresa&nbsp;a adresa. Bez poskytnutia t\u00fdchto \u00fadajov by nebolo mo\u017en\u00e9 objedn\u00e1vku uskuto\u010dni\u0165, uzavrie\u0165 zmluvu a doru\u010di\u0165 V\u00e1m objednan\u00e9 slu\u017eby a produkty. Telef\u00f3nny kontakt ako aj e-mailova adresa n\u00e1m u\u013eah\u010duj\u00fa komunik\u00e1ciu s Vami po\u010das cel\u00e9ho procesu od objednania a\u017e k doru\u010deniu objednan\u00e9ho tovaru. Va\u0161e osobn\u00e9 \u00fadaje nebud\u00fa pou\u017eit\u00e9 na in\u00e9 \u00fa\u010dely.<\/p>\n\n\n\n<h3>Ak\u00e9 osobn\u00e9 \u00fadaje z\u00edskavame a pre\u010do ich zbierame<\/h3>\n\n\n\n<h3>Kontaktn\u00e9 formul\u00e1re<\/h3>\n\n\n\n<p>Na na\u0161ej webstr\u00e1nke n\u00e1jdete kontaktn\u00fd formul\u00e1r pomocou ktor\u00e9ho n\u00e1s m\u00f4\u017eete kontaktova\u0165. Odoslan\u00e9 formul\u00e1re uchov\u00e1vame po dobu nevyhnutn\u00fa na spracovanie objedn\u00e1vky.&nbsp;&nbsp;Tieto zozbieran\u00e9 \u00fadaje nepou\u017e\u00edvame na marketingov\u00e9 \u00fa\u010dely.<\/p>\n\n\n\n<h3>Cookies<\/h3>\n\n\n\n<p>S\u00fabor cookie je mal\u00fd textov\u00fd s\u00fabor, ktor\u00fd webov\u00e1 lokalita uklad\u00e1 vo va\u0161om po\u010d\u00edta\u010di alebo mobilnom zariaden\u00ed pri jej prehliadan\u00ed. V\u010faka tomuto s\u00faboru si webov\u00e1 lokalita na ur\u010dit\u00fd \u010das uchov\u00e1va inform\u00e1cie o va\u0161ich krokoch a preferenci\u00e1ch (ako s\u00fa prihlasovacie meno, jazyk, ve\u013ekos\u0165 p\u00edsma a in\u00e9 nastavenia zobrazovania), tak\u017ee ich pri \u010fal\u0161ej n\u00e1v\u0161teve lokality alebo prehliadan\u00ed jej jednotliv\u00fdch str\u00e1nok nemus\u00edte op\u00e4tovne uv\u00e1dza\u0165.<\/p>\n\n\n\n<p>Tieto webstr\u00e1nky pou\u017e\u00edvaj\u00fa s\u00fabory cookies na zapam\u00e4tanie si pou\u017eivate\u013esk\u00fdch nastaven\u00ed, pre&nbsp;lep\u0161ie prisp\u00f4sobenie rekl\u00e1m z\u00e1ujmom n\u00e1v\u0161tevn\u00edkov a pre nevyhnutn\u00fa funkcionalitu webstr\u00e1nok<\/p>\n\n\n\n<p>S\u00fabory cookie m\u00f4\u017eete kontrolova\u0165 alebo zmaza\u0165 pod\u013ea uv\u00e1\u017eenia \u2013 podrobnosti si pozrite na str\u00e1nke aboutcookies.org.&nbsp; M\u00f4\u017eete vymaza\u0165 v\u0161etky s\u00fabory cookie ulo\u017een\u00e9 vo svojom po\u010d\u00edta\u010di a v\u00e4\u010d\u0161inu prehliada\u010dov m\u00f4\u017eete nastavi\u0165 tak, aby ste im znemo\u017enili ich ukladanie. V takomto pr\u00edpade v\u0161ak pravdepodobne budete musie\u0165 pri ka\u017edej n\u00e1v\u0161teve webovej lokality manu\u00e1lne upravova\u0165 niektor\u00e9 nastavenia a niektor\u00e9 slu\u017eby a funkcie nebud\u00fa fungova\u0165.<\/p>\n\n\n\n<p>Ak prid\u00e1te koment\u00e1r na na\u0161ej str\u00e1nke, m\u00f4\u017eete s\u00fahlasi\u0165 s ulo\u017een\u00edm v\u00e1\u0161ho mena, e-mailovej adresy a webovej str\u00e1nky do s\u00faborov cookies. Je to pre va\u0161e pohodlie, aby ste nemuseli op\u00e4tovne vyp\u013a\u0148a\u0165 va\u0161e \u00fadaje znovu pri prid\u00e1van\u00ed \u010fal\u0161ieho koment\u00e1ra. Tieto s\u00fabory cookies s\u00fa platn\u00e9 jeden rok.<\/p>\n\n\n\n<p>Ak m\u00e1te na na\u0161ej webovej str\u00e1nke \u00fa\u010det a prihl\u00e1site sa, ulo\u017e\u00edme do\u010dasn\u00e9 s\u00fabory cookies na ur\u010denie toho, \u010di v\u00e1\u0161 prehliada\u010d akceptuje s\u00fabory cookies. Tieto s\u00fabory cookies neobsahuj\u00fa \u017eiadne osobn\u00e9 \u00fadaje a s\u00fa zru\u0161en\u00e9 pri zatvoren\u00ed prehliada\u010da.<\/p>\n\n\n\n<p>Pri prihl\u00e1sen\u00ed nastav\u00edme nieko\u013eko s\u00faborov cookies, aby sme ulo\u017eili va\u0161e prihlasovacie \u00fadaje a nastavenia zobrazenia. Prihlasovacie cookies s\u00fa platn\u00e9 dva dni a nastavenia zobrazenia jeden rok. Ak zvol\u00edte mo\u017enos\u0165 \u201ezapam\u00e4ta\u0165\u201c, va\u0161e prihl\u00e1senie bude platn\u00e9 dva t\u00fd\u017edne. Pri odhl\u00e1sen\u00ed sa z v\u00e1\u0161ho \u00fa\u010dtu s\u00fa s\u00fabory cookies odstr\u00e1nen\u00e9.<\/p>\n\n\n\n<p>Pou\u017e\u00edvanie s\u00faborov cookie je mo\u017en\u00e9 nastavi\u0165 pomocou V\u00e1\u0161ho internetov\u00e9ho prehliada\u010da. V\u00e4\u010d\u0161ina prehliada\u010dov s\u00fabory cookie automaticky prij\u00edma u\u017e vo \u00favodnom nastaven\u00ed.<\/p>\n\n\n\n<p>Pri \u00faprave alebo publikovan\u00ed \u010dl\u00e1nku bud\u00fa vo va\u0161om prehliada\u010di ulo\u017een\u00e9 dodato\u010dn\u00e9 s\u00fabory cookies. Tieto s\u00fabory cookies neobsahuj\u00fa \u017eiadne osobn\u00e9 \u00fadaje a odkazuj\u00fa iba na ID \u010dl\u00e1nku, ktor\u00fd ste upravovali. S\u00fabory s\u00fa platn\u00e9 1 de\u0148.<\/p>\n\n\n\n<h3>Vlo\u017een\u00fd obsah z in\u00fdch webov\u00fdch str\u00e1nok<\/h3>\n\n\n\n<p>\u010cl\u00e1nky na tejto webovej str\u00e1nke m\u00f4\u017eu obsahova\u0165 vlo\u017een\u00fd obsah (napr. vide\u00e1, obr\u00e1zky, \u010dl\u00e1nky a podobne). Vlo\u017een\u00fd obsah z in\u00fdch str\u00e1nok sa chov\u00e1 rovnako, akoby n\u00e1v\u0161tevn\u00edk nav\u0161t\u00edvil in\u00fa webov\u00fa str\u00e1nku.<\/p>\n\n\n\n<h2><strong>Soci\u00e1lne siete<\/strong><\/h2>\n\n\n\n<p>Tieto webov\u00e9 str\u00e1nky m\u00f4\u017eu o v\u00e1s zbiera\u0165 osobn\u00e9 \u00fadaje, pou\u017e\u00edva\u0165 s\u00fabory cookies, vklada\u0165 tre\u0165o-strann\u00e9 sledovanie a monitorova\u0165 va\u0161u interakciu s vlo\u017een\u00fdm obsahom, v\u010detne sledovania va\u0161ej interakcie s vlo\u017een\u00fdm obsahom, ak na danej webovej str\u00e1nke m\u00e1te \u00fa\u010det a ste prihl\u00e1sen\u00fd.<\/p>\n\n\n\n<p>Webov\u00e1 str\u00e1nka www.graffdogs.com obsahuje soci\u00e1lne pluginy tret\u00edch str\u00e1n, pomocou&nbsp;ktor\u00fdch mozu n\u00e1v\u0161t\u011bvn\u00edci webovej str\u00e1nky&nbsp;zdielat obsah tejto webovej st\u00e1nky se svojimi priatelmi a dal\u0161\u00edmi kontaktmy. Jedn\u00e1&nbsp;sa o: plugin siete Instagram, ktor\u00fd spravuje spolo\u010dnost Instagram LLC, 1601 Willow Rd, Menlo Park CA 94025, USA. Viac informacii o ochrane osobn\u00fdch \u00fadajov, ako aj druhu&nbsp;inform\u00e1cii ktor\u00e9&nbsp;Instagram zbiera a pouz\u00edva n\u00e1jdete na str\u00e1nke https:\/\/help.instagram.com\/155833707900388.<\/p>\n\n\n\n<h3>Analytika<\/h3>\n\n\n\n<h2>S k\u00fdm zdie\u013eame va\u0161e \u00fadaje<\/h2>\n\n\n\n<p>Va\u0161e osobn\u00e9 udaje nie s\u00fa&nbsp;poskytovan\u00e9 tretim stran\u00e1m, okrem&nbsp;sprostredkovate\u013eov ktor\u00fd sa podielaju na spracovan\u00ed objedn\u00e1vky, tj. dopravca, po\u0161ta&nbsp;apod. za \u00fa\u010delom doru\u010denia objedn\u00e1vky.<\/p>\n\n\n\n<h2>Ako dlho uchov\u00e1vame va\u0161e \u00fadaje<\/h2>\n\n\n\n<p>Va\u0161e osobn\u00e9 \u00fadaje z objedn\u00e1vky alebo jednor\u00e1zov\u00e9ho n\u00e1kupu s\u00fa uchov\u00e1van\u00e9 v\u00fdlu\u010dne po\u010das doby nevyhnutnej na spracovanie objedn\u00e1vky alebo vypracovanie n\u00e1vrhu.<\/p>\n\n\n\n<h2>Ak\u00e9 pr\u00e1va m\u00e1te nad svojimi \u00fadajmi<\/h2>\n\n\n\n<p>Ak na tejto webovej str\u00e1nke m\u00e1te \u00fa\u010det, alebo ste tu pridali koment\u00e1r, m\u00f4\u017eete po\u017eiada\u0165 o export va\u0161ich osobn\u00fdch \u00fadajov, ktor\u00e9 o v\u00e1s uklad\u00e1me, vr\u00e1tane \u00fadajov, ktor\u00e9 ste n\u00e1m poskytli. M\u00f4\u017eete tak isto po\u017eiada\u0165 o vymazanie osobn\u00fdch \u00fadajov. To sa ale net\u00fdka \u00fadajov, ktor\u00e9 o v\u00e1s mus\u00edme uchov\u00e1va\u0165 z administrat\u00edvnych, pr\u00e1vnych alebo bezpe\u010dnostn\u00fdch d\u00f4vodov.<\/p>\n\n\n\n<h2>Kam posielame va\u0161e \u00fadaje<\/h2>\n\n\n\n<p>Va\u0161e \u00fadaje neposielame a nepren\u00e1\u0161ame tret\u00edm stran\u00e1m, krajin\u00e1m. Koment\u00e1re n\u00e1v\u0161tevn\u00edkov m\u00f4\u017eu by\u0165 kontrolovan\u00e9 prostredn\u00edctvom automatizovanej slu\u017eby na detekciu spamu.<\/p>\n\n\n\n<h2 class=\"has-text-align-left\">Na\u0161e kontaktn\u00e9 inform\u00e1cie<\/h2>\n\n\n\n<div class=\"wp-block-image\"><figure class=\"aligncenter size-large is-resized\"><img loading=\"lazy\" src=\"http:\/\/www.provzak.sk\/wp-content\/uploads\/2020\/03\/vizitka_02-1.jpg\" alt=\"\" class=\"wp-image-128\" width=\"404\" height=\"101\" srcset=\"https:\/\/www.provzak.sk\/wp-content\/uploads\/2020\/03\/vizitka_02-1.jpg 600w, https:\/\/www.provzak.sk\/wp-content\/uploads\/2020\/03\/vizitka_02-1-300x75.jpg 300w\" sizes=\"(max-width: 404px) 100vw, 404px\" \/><\/figure><\/div>\n\n\n\n<h2>Dodato\u010dn\u00e9 inform\u00e1cie<\/h2>\n\n\n\n<h3>Ako chr\u00e1nime va\u0161e \u00fadaje<\/h3>\n\n\n\n<h3>Ak\u00e9 m\u00e1me procesy pri \u00faniku d\u00e1t<\/h3>\n\n\n\n<h3>Z ak\u00fdch tret\u00edch str\u00e1n z\u00edskavame \u00fadaje<\/h3>\n\n\n\n<h3>Ak\u00e9 automatizovan\u00e9 rozhodovanie (spracovanie) a\/alebo profilovanie rob\u00edme s \u00fadajmi pou\u017e\u00edvate\u013ea.<\/h3>\n\n\n\n<h3>Po\u017eiadavky na zverej\u0148ovanie pr\u00e1vnych predpisov v regulovanom odvetv\u00ed<\/h3>\n","protected":false},"excerpt":{"rendered":"<p>V kr\u00e1tkosti o n\u00e1s Na\u0161e kontaktn\u00e9 \u00fadaje: Va\u0161e osobn\u00e9 \u00fadaje s\u00fa z\u00edskavan\u00e9 a spracov\u00e1van\u00e9 pod\u013ea nariadenia GDPR.&nbsp;&nbsp; Ak\u00e9 osobn\u00e9 \u00fadaje o V\u00e1s zhroma\u017e\u010fujeme a spracov\u00e1vame \u00dadaje ktor\u00e9 s\u00fa potrebn\u00e9 a ktor\u00e9 n\u00e1m poskytnete pri spracov\u00e1van\u00ed va\u0161ej objedn\u00e1vky.&nbsp;Tj. Va\u0161e meno a priezvisko, telef\u00f3nne \u010d\u00edslo, e-mailov\u00e1 adresa&nbsp;a adresa. Bez poskytnutia t\u00fdchto \u00fadajov by nebolo mo\u017en\u00e9 objedn\u00e1vku uskuto\u010dni\u0165, [&hellip;]<\/p>\n","protected":false},"author":1,"featured_media":0,"parent":0,"menu_order":0,"comment_status":"closed","ping_status":"closed","template":"","meta":[],"_links":{"self":[{"href":"https:\/\/www.provzak.sk\/index.php?rest_route=\/wp\/v2\/pages\/80"}],"collection":[{"href":"https:\/\/www.provzak.sk\/index.php?rest_route=\/wp\/v2\/pages"}],"about":[{"href":"https:\/\/www.provzak.sk\/index.php?rest_route=\/wp\/v2\/types\/page"}],"author":[{"embeddable":true,"href":"https:\/\/www.provzak.sk\/index.php?rest_route=\/wp\/v2\/users\/1"}],"replies":[{"embeddable":true,"href":"https:\/\/www.provzak.sk\/index.php?rest_route=%2Fwp%2Fv2%2Fcomments&post=80"}],"version-history":[{"count":5,"href":"https:\/\/www.provzak.sk\/index.php?rest_route=\/wp\/v2\/pages\/80\/revisions"}],"predecessor-version":[{"id":130,"href":"https:\/\/www.provzak.sk\/index.php?rest_route=\/wp\/v2\/pages\/80\/revisions\/130"}],"wp:attachment":[{"href":"https:\/\/www.provzak.sk\/index.php?rest_route=%2Fwp%2Fv2%2Fmedia&parent=80"}],"curies":[{"name":"wp","href":"https:\/\/api.w.org\/{rel}","templated":true}]}}